3 composite?
False
Is 12378195439 composite?
True
Is 8924175119 composite?
False
Is 744152897 prime?
True
Is 2370949247 composite?
False
Is 553202777 composite?
True
Is 21638607061 composite?
False
Is 2031230827 prime?
True
Is 71689517 prime?
True
Is 78863997637 prime?
False
Is 1062266401 composite?
True
Is 12247691509 a prime number?
True
Is 39109207 a composite number?
False
Is 1685570521 a prime number?
True
Is 673888507 a composite number?
True
Is 353931629 a composite number?
False
Is 17565927251 composite?
True
Is 9974621931 composite?
True
Is 121629041 prime?
True
Is 93308210009 a prime number?
False
Is 883737251 a prime number?
True
Is 2138944783 a prime number?
False
Is 2667067409 prime?
False
Is 4726520017 composite?
True
Is 8158025891 composite?
False
Is 3178323559 a prime number?
True
Is 15011759159 a composite number?
False
Is 62443554521 a prime number?
True
Is 422658727 prime?
False
Is 34671900671 a prime number?
True
Is 2313604501 a prime number?
False
Is 570122911211 composite?
True
Is 28084481077 prime?
False
Is 44378676031 prime?
True
Is 32385218687 a composite number?
False
Is 27549891793 a prime number?
True
Is 478610213 prime?
True
Is 544617037 a composite number?
False
Is 252273787349 composite?
False
Is 23243316653 a prime number?
False
Is 475631867 a prime number?
True
Is 237068071 composite?
False
Is 35234623561 a composite number?
True
Is 7334608907 a prime number?
False
Is 828522817 composite?
True
Is 9010243513 composite?
False
Is 222505757 a prime number?
False
Is 2846935579 a prime number?
True
Is 3755115641 composite?
False
Is 93954370813 a prime number?
True
Is 11127241 a prime number?
True
Is 274576459 a composite number?
False
Is 55955590883 a prime number?
True
Is 1323184381 a prime number?
False
Is 34882948391 a composite number?
True
Is 8878359505 composite?
True
Is 128629121 a composite number?
True
Is 224892233 composite?
True
Is 3110049923 a composite number?
True
Is 1718269391 a composite number?
False
Is 6900475229 a prime number?
True
Is 309204383515 composite?
True
Is 2770237153 a prime number?
True
Is 518929599 composite?
True
Is 1638281171 a composite number?
False
Is 275245823 composite?
False
Is 614845393 a composite number?
True
Is 3283402669 composite?
False
Is 26347729 prime?
True
Is 408904997 composite?
False
Is 10387897015 a prime number?
False
Is 754554655 prime?
False
Is 86557571 composite?
True
Is 245093909 a prime number?
True
Is 142682212591 a prime number?
True
Is 10373280403 composite?
False
Is 9679600067 a prime number?
True
Is 18344697703 prime?
True
Is 2565737063 a prime number?
False
Is 12992340161 composite?
False
Is 7969715627 composite?
False
Is 1113823891 composite?
True
Is 28975178605 a composite number?
True
Is 2274335783 composite?
True
Is 31786754639 a prime number?
True
Is 478250503 a composite number?
False
Is 7400047033 prime?
True
Is 153967791113 a prime number?
False
Is 4307237573 a prime number?
True
Is 4590366413 composite?
True
Is 2095460558 a prime number?
False
Is 24622644223 a composite number?
True
Is 322717261907 prime?
True
Is 86427007 composite?
False
Is 231646619 composite?
True
Is 1644479653 a composite number?
True
Is 1310068471 a prime number?
False
Is 29276223 a composite number?
True
Is 20808576141 a prime number?
False
Is 8152740851 a prime number?
True
Is 2789157223 composite?
True
Is 2250829757 a composite number?
True
Is 460041799 a composite number?
True
Is 44054873 prime?
True
Is 30313531141 composite?
False
Is 5687340473 prime?
False
Is 1715217599 a prime number?
True
Is 3807673279 a composite number?
False
Is 76308353113 a composite number?
False
Is 437376721 composite?
True
Is 13296908627 composite?
False
Is 607826969 prime?
True
Is 2928167117 a prime number?
True
Is 407575243 composite?
False
Is 1316915917 prime?
False
Is 5847851497 a composite number?
False
Is 6675233431 a prime number?
True
Is 23178542395 a prime number?
False
Is 9099484907 prime?
False
Is 223939718 a composite number?
True
Is 1343980433 prime?
False
Is 102596749 a composite number?
False
Is 5869132327 a prime number?
True
Is 17826418141 prime?
False
Is 22907006179 a prime number?
True
Is 6520191061 composite?
False
Is 7133185691 prime?
True
Is 139008985981 a prime number?
True
Is 4641706583 a prime number?
False
Is 2421531251 composite?
True
Is 97258787 a prime number?
False
Is 13101126811 a prime number?
False
Is 1628466241 a prime number?
False
Is 320711803 composite?
True
Is 337286910215 a prime number?
False
Is 44656329829 a composite number?
False
Is 23467402523 a composite number?
False
Is 59381807701 a composite number?
True
Is 15838223119 prime?
False
Is 118039251229 a composite number?
True
Is 2110993231 a composite number?
False
Is 802926109 composite?
True
Is 334382819 prime?
True
Is 1325811703 a composite number?
False
Is 14653606283 prime?
True
Is 5941250281 prime?
True
Is 4314127639 a composite number?
False
Is 161198951 prime?
True
Is 132398471 a prime number?
False
Is 21534208991 composite?
True
Is 56254811 composite?
False
Is 2281468291 prime?
False
Is 1712771953 prime?
True
Is 10687571561 a composite number?
False
Is 1896039193 prime?
False
Is 42964124887 composite?
True
Is 16772874351 prime?
False
Is 285723113 a prime number?
False
Is 11501998543 composite?
True
Is 10760079139 a prime number?
True
Is 129813362117 a prime number?
False
Is 11188988207 composite?
True
Is 780955691 prime?
True
Is 14924039357 a prime number?
True
Is 891162697 composite?
True
Is 7059070499 a composite number?
True
Is 803050613 composite?
False
Is 376847987 prime?
False
Is 2301491609 a composite number?
False
Is 3569510681 prime?
False
Is 119821511 prime?
True
Is 516897133 a composite number?
False
Is 6674807077 composite?
False
Is 112679117753 a prime number?
False
Is 6936073447 a composite number?
True
Is 690298201 a prime number?
False
Is 59442823147 a composite number?
True
Is 2042458511 prime?
True
Is 2685790759 composite?
False
Is 1420736879 a composite number?
True
Is 17566399 a prime number?
True
Is 1179907765 a composite number?
True
Is 742395061 a prime number?
False
Is 491226179 a prime number?
True
Is 4380687299 a prime number?
True
Is 51017421193 composite?
False
Is 1695618707 a composite number?
False
Is 1971657563 prime?
False
Is 545377967 composite?
True
Is 13139698417 a prime number?
True
Is 5120683097 composite?
False
Is 104578346051 a composite number?
False
Is 187610072459 a composite number?
True
Is 1215310582 prime?
False
Is 27580388587 composite?
True
Is 135084598757 prime?
True
Is 337264541 a composite number?
True
Is 693973883 a prime number?
True
Is 643178771 composite?
False
Is 9776644771 prime?
True
Is 387401639 a prime number?
False
Is 6248962169 a composite number?
False
Is 1343501623 a composite number?
True
Is 1257212221 prime?
True
Is 5511380837 a prime number?
True
Is 1334011549 composite?
True
Is 7441942159 composite?
True
Is 14577300377 composite?
False
Is 259531453 a composite number?
False
Is 9821620567 a composite number?
True
Is 296618347 prime?
True
Is 2584420693 composite?
True
Is 12108952537 a composite number?
True
Is 3650090401 a prime number?
False
Is 2028696227 prime?
True
Is 17437048063 a composite number?
False
Is 35751689 composite?
False
Is 204037511 prime?
False
Is 6138678001 a composite number?
True
Is 171907487 a prime number?
True
Is 55804920571 a prime number?
False
Is 4708612217 composite?
False
Is 14104119895 a composite number?
True
Is 33107941247 a prime number?
True
Is 302509673 a prime number?
True
Is 4130833269 prime?
False
Is 5234389 composite?
False
Is 2566209055 composite?
True
Is 773401003 a prime number?
False
Is 24878419147 a composite number?
True
Is 2498978329 a prime number?
True
Is 407622133 a prime number?
True
Is 155533584809 a prime number?
True
Is 5742160133 composite?
False
Is 54875021483 composite?
False
Is 1733465939 composite?
False
Is 2902688993 composite?
True
Is 157687549 a composite number?
False
Is 8548256089 a composite number?
False
Is 1638558721 a composite number?
False
Is 652013837 a composite number?
True
Is 125080523 prime?
False
Is 97134022253 a composite number?
True
Is 2503843621 a composite number?
False
Is 4390194749 composite?
False
Is 8930639611 composite?
False
Is 15951673